{"id":1246,"date":"2026-01-25T21:24:12","date_gmt":"2026-01-25T20:24:12","guid":{"rendered":"https:\/\/www.mb-objects.at\/?post_type=product&#038;p=1246"},"modified":"2026-02-15T20:37:38","modified_gmt":"2026-02-15T19:37:38","slug":"spinne-mit-netz","status":"publish","type":"product","link":"https:\/\/www.mb-objects.at\/?product=spinne-mit-netz","title":{"rendered":"Spinne mit Netz"},"content":{"rendered":"","protected":false},"excerpt":{"rendered":"<p>Diese gruselig-s\u00fc\u00dfe Spinne hat einen einziehbaren Spinnenfaden und ein magnetisches Netz, mit dem sie herumbaumeln und ahnungslose Freunde erschrecken kann. Ihre Beine sind flexibel, beweglich und werden direkt gedruckt. Zieht man am Netz, zieht man die Spinnenseide ein, rollt man den Hinterleib \u00fcber eine ebene Fl\u00e4che, wickelt man sie wieder auf. Das magnetische Netz l\u00e4sst sich in einem Schlitz unter der Spinne verstauen, sodass sie auch am K\u00fchlschrank haften kann, ohne zu baumeln.<\/p>\n<p><strong>Wunschfarben oder Abholungen<\/strong><br \/>\nBitte per Anfrage<a href=\"mailto:office@mb-objects.at\"><br \/>\n<i class=\"icon-mail\"><\/i> office@mb-objects.at<\/a><\/p>\n","protected":false},"featured_media":1158,"comment_status":"open","ping_status":"closed","template":"","meta":[],"product_brand":[],"product_cat":[164,166],"product_tag":[171,170,229],"class_list":{"0":"post-1246","1":"product","2":"type-product","3":"status-publish","4":"has-post-thumbnail","6":"product_cat-3d-druck","7":"product_cat-figuren-beweglich","8":"product_tag-beweglich","9":"product_tag-magnet","10":"product_tag-schnur","12":"first","13":"instock","14":"shipping-taxable","15":"purchasable","16":"product-type-variable"},"jetpack_sharing_enabled":true,"_links":{"self":[{"href":"https:\/\/www.mb-objects.at\/index.php?rest_route=\/wp\/v2\/product\/1246","targetHints":{"allow":["GET"]}}],"collection":[{"href":"https:\/\/www.mb-objects.at\/index.php?rest_route=\/wp\/v2\/product"}],"about":[{"href":"https:\/\/www.mb-objects.at\/index.php?rest_route=\/wp\/v2\/types\/product"}],"replies":[{"embeddable":true,"href":"https:\/\/www.mb-objects.at\/index.php?rest_route=%2Fwp%2Fv2%2Fcomments&post=1246"}],"wp:featuredmedia":[{"embeddable":true,"href":"https:\/\/www.mb-objects.at\/index.php?rest_route=\/wp\/v2\/media\/1158"}],"wp:attachment":[{"href":"https:\/\/www.mb-objects.at\/index.php?rest_route=%2Fwp%2Fv2%2Fmedia&parent=1246"}],"wp:term":[{"taxonomy":"product_brand","embeddable":true,"href":"https:\/\/www.mb-objects.at\/index.php?rest_route=%2Fwp%2Fv2%2Fproduct_brand&post=1246"},{"taxonomy":"product_cat","embeddable":true,"href":"https:\/\/www.mb-objects.at\/index.php?rest_route=%2Fwp%2Fv2%2Fproduct_cat&post=1246"},{"taxonomy":"product_tag","embeddable":true,"href":"https:\/\/www.mb-objects.at\/index.php?rest_route=%2Fwp%2Fv2%2Fproduct_tag&post=1246"}],"curies":[{"name":"wp","href":"https:\/\/api.w.org\/{rel}","templated":true}]}}